 749. Calculate l(-75).
-1
Let c(v) = -v**3 + 2*v + 2. Give c(3).
-19
Let q(k) = -21*k + 3. What is q(-3)?
66
Let k(i) = i + 6. Give k(6).
12
Let m(a) = -a**2 + 6*a + 20. What is m(7)?
13
Let g(f) = 2*f - 21. Give g(9).
-3
Let y(s) = 2*s**2 - 17*s + 17. Determine y(7).
-4
Let h(f) = f**2 + 9*f + 3. Give h(-6).
-15
Let r(m) = 25*m + 1412. Calculate r(-57).
-13
Let v(m) = -104*m - 6. Give v(-1).
98
Let v(b) = -b**3 + 4*b**2 - 4*b + 4. What is v(3)?
1
Let g(t) = 4*t - 23. Calculate g(13).
29
Let f(p) = p**3 - 3*p**2 - 3*p - 8. Give f(4).
-4
Let m(l) = l**2 + 35*l + 235. Give m(-26).
1
Let a(v) = 2*v + 13. Give a(-8).
-3
Let r(v) = 11*v. What is r(1)?
11
Let c(w) = -7*w**2 - 1. Determine c(1).
-8
Let l(u) = -u**3 - u**2 - 2*u. What is l(2)?
-16
Let o(l) = -l**3 + 7*l**2 - 2*l - 1. What is o(4)?
39
Let v(a) = -a**3 + 15*a**2 - 56*a + 17. Calculate v(9).
-1
Let l(m) = m + 28. Calculate l(-17).
11
Let k(o) = -9*o - 17. Calculate k(-8).
55
Let k(c) = -c**2 + 26*c + 63. What is k(28)?
7
Let s(k) = k**3 + 5*k**2 + 5*k + 2. Determine s(-3).
5
Let y(c) = c**3 - 12*c**2 - 15*c + 42. Determine y(13).
16
Let b(f) = -17*f + 12. Give b(-2).
46
Let o(z) = -11*z + 55. Give o(5).
0
Let p(t) = t - 14. Determine p(7).
-7
Let w(q) = -q**2 + 7*q + 28. What is w(-8)?
-92
Let f(o) = o**3 + 6*o**2 - 4*o + 15. What is f(-7)?
-6
Let p(i) = -i**3 + 9*i**2 - 6*i - 20. Calculate p(8).
-4
Let h(g) = g**3 - 3*g**2 - 4*g + 4. Calculate h(3).
-8
Let j(g) = g - 37. What is j(17)?
-20
Let l(m) = m**3 + 13*m**2 + 11*m - 8. Give l(-12).
4
Let s(p) = p**2 - 17*p + 16. What is s(9)?
-56
Let g(t) = -2*t**2 + 12*t + 17. Calculate g(8).
-15
Let u(n) = n - 16. Calculate u(-5).
-21
Let w(u) = -u**3 - 3*u**2 + 6*u + 3. Calculate w(-5).
23
Let y(x) = -4*x + 87. Calculate y(24).
-9
Let l(m) = -m**2 + 29*m + 38. What is l(30)?
8
Let n(a) = a**2 + 5*a - 5. Determine n(-4).
-9
Let d(h) = h**2 + 6*h + 7. Give d(-4).
-1
Let n(x) = x**3 - 5*x**2 - 2*x + 9. What is n(4)?
-15
Let a(c) = c**2 - 16*c - 31. Give a(9).
-94
Let c(v) = v**3 - 5*v**2 - 6*v + 8. Determine c(6).
8
Let s(n) = n**3 + 14*n**2 + 12*n - 3. Give s(-13).
10
Let y(g) = -g**2 + 10*g - 16. Determine y(8).
0
Let p(h) = 2*h**3 - 5*h**2 + 5*h + 3. Calculate p(3).
27
Let t(h) = 2*h**2 + h + 1. What is t(0)?
1
Let z(r) = -5*r - 6. Calculate z(-2).
4
Let a(d) = -5*d - 117. Determine a(-19).
-22
Let j(z) = z**3 + 4*z**2 - 17*z - 41. Give j(-5).
19
Let d(n) = -2*n**3 + 5*n**2 + 14*n - 49. Give d(4).
-41
Let r(k) = 11*k + 106. Determine r(-9).
7
Let d(a) = a**3 + 8*a**2 - a + 3. What is d(-6)?
81
Let s(j) = -96*j + 3. Calculate s(-1).
99
Let w(i) = i**2 + 10*i + 9. Determine w(-6).
-15
Let f(x) = 2*x**2 - 29*x - 181. Calculate f(-5).
14
Let c(q) = -q**2 + 2*q + 16. Give c(7).
-19
Let o(t) = -t**2 - 2*t + 7. What is o(5)?
-28
Let z(u) = u**2 + 2*u - 4. What is z(4)?
20
Let f(r) = -4*r**2 - 2*r. Calculate f(-1).
-2
Let a(v) = 3*v**2 + 39*v - 93. Calculate a(-15).
-3
Let v(r) = -r**2 - r + 15. Give v(0).
15
Let y(b) = b**2 - 11*b + 2. Calculate y(8).
-22
Let m(y) = 2*y**2 - 5*y + 3. Give m(3).
6
Let h(f) = -2*f**2 + 16*f - 12. What is h(6)?
12
Let u(m) = 11*m + 6. Calculate u(2).
28
Let b(u) = u**3 + 37*u**2 + 6*u + 218. Calculate b(-37).
-4
Let f(x) = -7*x + 376. Give f(53).
5
Let q(s) = -3*s**2 - 27*s - 1. Calculate q(-9).
-1
Let h(z) = 8*z + 14. What is h(-5)?
-26
Let o(t) = -7*t + 2. Give o(-3).
23
Let w(s) = 10*s**2 + 2*s - 4. Give w(2).
40
Let x(k) = 5*k**3 + 5*k**2 + 3*k + 12. Calculate x(-2).
-14
Let b(z) = z - 9. Calculate b(10).
1
Let g(w) = w**3 + 16*w**2 + 14*w - 6. Give g(-15).
9
Let p(l) = -l**3 - 8*l**2 + 8*l + 8. Give p(-9).
17
Let c(g) = -2*g**3 - 3*g**2 - 2*g - 1. What is c(-2)?
7
Let l(p) = -17*p - 172. Calculate l(-10).
-2
Let k(w) = 4*w + 5. Calculate k(-14).
-51
Let u(z) = -2*z**2 - 19*z - 18. What is u(-7)?
17
Let v(p) = -p**2 - 19*p + 8. Give v(-4).
68
Let s(k) = -2*k - 36. What is s(-14)?
-8
Let y(p) = -2*p**2 - 40*p + 144. What is y(-23)?
6
Let x(s) = -7*s + 63. Give x(9).
0
Let q(g) = -2*g**2 - 17*g + 46. Calculate q(-10).
16
Let p(j) = 3*j**2 - 13*j + 16. Give p(6).
46
Let h(l) = 3*l**2 - 4*l - 19. Calculate h(-4).
45
Let r(u) = 4*u - 2. Give r(3).
10
Let g(r) = -7*r - 85. Calculate g(-16).
27
Let g(y) = -y**2 - 8*y + 6. Give g(-9).
-3
Let k(r) = -2*r**3 + 7*r**2 + 31*r - 4. Give k(6).
2
Let m(v) = v**2 + 26*v + 64. Calculate m(-21).
-41
Let q(m) = m**2 - 15*m - 17. Determine q(17).
17
Let j(m) = -3*m + 18. Give j(-27).
99
Let w(r) = r**3 - r**2 - 4*r + 5. What is w(2)?
1
Let k(c) = -16*c - 57. What is k(-4)?
7
Let l(r) = 3*r + 13. What is l(-8)?
-11
Let t(g) = g**2 - 3*g - 4. What is t(3)?
-4
Let q(s) = s - 7. Determine q(21).
14
Let h(n) = 14*n**2 + n - 2. Determine h(1).
13
Let l(a) = -3*a + 78. What is l(26)?
0
Let c(s) = -s**3 + 10*s**2 + s - 25. Calculate c(10).
-15
Let l(c) = -c**3 + 4*c**2 + 5*c - 19. Give l(3).
5
Let a(c) = 2*c**2 - 34*c + 32. What is a(1)?
0
Let w(s) = s**3 - 14*s**2 - 18*s + 30. Determine w(15).
-15
Let x(l) = l**2 - 2*l - 5. What is x(0)?
-5
Let y(v) = v**3 - 4*v**2 - 8*v + 5. What is y(5)?
-10
Let u(x) = 2*x**2 + 9*x + 5. What is u(-6)?
23
Let q(l) = l**3 + 3*l**2 - 5*l - 6. What is q(-4)?
-2
Let b(r) = -r**2 - 8*r - 7. Determine b(-7).
0
Let y(p) = p**2 - 78. Calculate y(-10).
22
Let w(p) = p**2 - 19*p - 12. Calculate w(20).
8
Let u(o) = 23*o + 8. What is u(0)?
8
Let v(j) = j**3 - 25*j**2 + 49*j - 67. Determine v(23).
2
Let k(l) = -l**3 + 9*l**2 - 11*l + 29. Calculate k(8).
5
Let v(u) = -u**3 - u**2 + 2*u + 10. Give v(0).
10
Let r(b) = b**2 + 13*b + 15. Give r(-10).
-15
Let z(y) = -2*y**3 + 2*y**2 - 1. Determine z(-1).
3
Let i(q) = -q**2 + 6*q + 51. Determine i(10).
11
Let w(s) = -s**3 - s**2 + 5*s. Determine w(-4).
28
Let s(p) = 9*p + 1. Determine s(2).
19
Let g(j) = -2*j**2 - 4*j + 2. Calculate g(-4).
-14
Let w(m) = m**3 + 6*m**2 - 51*m + 29. Calculate w(-11).
-15
Let c(s) = 3*s - 6. Calculate c(6).
12
Let c(i) = -i**3 - 2*i**2 - 56. Determine c(0).
-56
Let i(x) = x**3 + 19*x**2 + 33*x - 6. Give i(-17).
11
Let v(f) = -f + 7. Calculate v(2).
5
Let h(l) = -l**3 - 44*l**2 - 229*l - 29. Calculate h(-38).
9
Let m(a) = 132*a + 1200. What is m(-9)?
12
Let d(l) = 69*l + 224. What is d(-3)?
17
Let g(y) = y**3 + 13*y**2 + 10*y + 31. Give g(-12).
55
Let a(z) = 3*z**2 - 12*z - 6. Determine a(5).
9
Let l(i) = -2*i**3 + 7. Calculate l(-3).
61
Let i(y) = -y**3 - 12*y**2 - 11*y + 12. What is i(-11)?
12
Let g(j) = -2*j**2 + 5*j + 13. Give g(0).
13
Let f(l) = -l**3 + 28*l**2 + 57*l + 100. Determine f(30).
10
Let v(s) = s**2 - 10*s + 7. What is v(8)?
-9
Let b(h) = -h**3 + 13*h**2 + 19*h + 22. Give b(14).
92
Let v(m) = m**3 - 5*m**2 + 10*m - 22. What is v(3)?
-10
Let i(u) = -3*u**3 - u. Calculate i(-1).
4
Let c(q) = 24*q**3 + 3*q**2 + 4*q + 2. Determine c(-1).
-23
Let w(c) = c**3 + 24*c**2 + 2*c + 66. What is w(-24)?
18
Let k(z) = z**2 - 8*z - 7. Give k(5).
-22
Let j(g) = -g**2 - 85*g - 542. Calculate j(-7).
4
Let b(m) = -9*m + 57. Give b(4).
21
Let n(r) = r**2 + 10*r - 88. What is n(6)?
8
Let c(q) = -q**3 + 6*q**2 + 2*q - 7. Give c(6).
5
Let d(c) = -2*c**2 - 9*c - 15. Determine d(-4).
-11
Let x(u) = u**3 - 8*u**2 + 5*u + 8. Give x(7).
-6
Let o(k) = 129*k + 97. Calculate o(-1).
-32
Let j(o) = o**3 - 7*o**2 - 3*o + 18. What is j(7)?
-3
Let d(i) = -6*i**3 + i**2 - 7*i + 9. Give d(2).
-49
Let s(w) = -2*w**2 - 6*w + 9. Give s(3).
-27
Let a(r) = -6*r**2 - 2*r. Give a(-2).
-20
Let m(d) = 5*d + 29. Calculate m(-6).
-1
Let r(n) = 2*n**2 - 38*n - 6. Give r(19).
-6
Let r(m) = m**2 + 6*m - 11. Determine r(-7).
-4
Let k(a) = -a**3 + 7*a**2 + 12*a + 6. Calculate k(-2).
18
Let b(w) = -w**2 + 15*w - 46. What is b(8)?
10
Let n(a) = 2*a + 15. Calculate n(-13).
-11
Let t(d) = -5*d - 12. Give t(10).
-62
Let y(h) = -h**3 + 21*h**2 - 3*h + 56. Calculate y(21).
-7
Let s(x) = -3*x. Calculate s(0).
0
Let n(a) = -2*a + 10. Determine n(11).
-12
Let l(k) = k**2 - 40*k + 273. Calculate l(31).
-6
Let s(t) = 2*t - 1. Give s(-9).
-19
Let t(k) = -k**3 + 21*k**2 - 30*k - 137. Determine t(19).
15
Let a(j) = -j**3 + 6*j**2 + j - 7. Give a(5).
23
Let r(t) = t**3 + 13*t**2 - 16*t - 21. Determine r(-14).
7
Let w(z) = -9*z + 109. What is w(11)?
10
Let d(j) = -j**3 + 3*j**2 + 54. What is d(5)?
4
Let w(j) = -9*j**3 + 5*j**2 + j - 4. Determine